(2 + -1 - -1) + 3/3. Suppose y*t = -n + 33, -2*n - 4*t = -55 - 15. Calculate the highest common factor of 312 and n.
39
Suppose 42*y = 49*y - 21. Calculate the greatest common factor of y and 57.
3
Let l(y) = y**3 - 6*y**2 - 6*y - 6. Let s be l(7). Let q be (s - 16/12)*-45. Calculate the greatest common divisor of 45 and q.
15
Let b(h) = -h**3 + h**2 - 15. Let c be b(0). Let a = 18 - c. Let o = a + -21. What is the greatest common factor of 30 and o?
6
Suppose -2*n - 3*b + 9 = 0, -n - 2*b + 38 = 3*n. Let v(r) = 8*r + 56. Let k be v(5). Calculate the highest common factor of n and k.
12
Let v = 61 + -40. Let q = -17955 - -18186. Calculate the highest common factor of q and v.
21
Suppose -29*v - 1 + 15371 = 0. What is the greatest common divisor of 5 and v?
5
Let z = -318 - -388. Suppose -16 = -j - 2*b, 32 = 3*j + 3*b - 7. What is the highest common divisor of z and j?
10
Suppose 4*f - 2*i - 162 = 0, -f + 4*i = -3*f + 86. Let j(n) = -103*n + 122. Let h be j(-2). Calculate the greatest common factor of h and f.
41
Let u = 740 - 713. What is the greatest common factor of u and 207?
9
Suppose 10 + 5 = -3*p. Let n = p + 11. Let y be (-5)/35*-12*126/4. What is the greatest common divisor of y and n?
6
Let g be 4/1 + -19 + 20. Suppose g*f - 4 = -14. Let t(i) = 3*i**2 + 4*i + 7. Let n be t(f). What is the greatest common divisor of 44 and n?
11
Let o = -20 + 23. Suppose -4*c = -o - 29. Calculate the highest common divisor of 4 and c.
4
Suppose -4*x = -5*m + 185, -3*m - 3 = x + 39. Let t = -37 - x. Let d be 4/3*(2 - -13). Calculate the greatest common factor of t and d.
4
Let z(n) = n. Let p(k) = -79*k + 10. Let m(i) = -p(i) - 5*z(i). Let y be m(4). Calculate the highest common divisor of y and 26.
26
Let x(s) = -3 - 2*s + 3 + s. Let m be x(-9). Let n = 69 + 12. Calculate the greatest common factor of m and n.
9
Suppose 2*b - 2*x = 3*b - 3, x + 11 = 2*b. Suppose 3*g = -b*s + 80, 2*g + 59 = 4*s + 17. Calculate the highest common divisor of s and 39.
13
Let c = 7 - -13. Let f(s) = -s**2 + 16*s - 14. Let b be f(8). What is the highest common factor of c and b?
10
Suppose 3*h = u - 105, 4*u - 236 = 5*h + 212. Let o = u - 64. Suppose 5*l - o - 17 = 0. Calculate the greatest common divisor of l and 154.
14
Let y = -5692 - -8942. What is the greatest common factor of 26 and y?
26
Suppose -6*x - 3*x = -45. Suppose x*o - 151 = 174. Calculate the highest common factor of 26 and o.
13
Let f(t) = -t**3 - 4*t**2 + 29*t + 92. Let j be f(-7). Let p(z) = -2*z**3 - z**2 + 4*z + 3. Let b be p(-3). What is the highest common divisor of j and b?
36
Let b(j) = j**3 + 11*j**2 - 18*j + 12. Let r be b(-13). Let d = -74 - r. What is the greatest common factor of 144 and d?
18
Suppose -3*l + 247 = 16. Calculate the greatest common divisor of 35 and l.
7
Let k be (1 + -7*(-9)/(-15))*-15. What is the highest common divisor of k and 3?
3
Let k = -179 - -215. Calculate the greatest common divisor of 63 and k.
9
Let y(d) = d**2 + 42*d - 88. Let g be y(-48). Calculate the greatest common divisor of g and 40.
40
Suppose 4 = v + 1. Let q = 1866 + -1839. Calculate the greatest common divisor of v and q.
3
Let l = 40 - 20. Let z = 22 - l. What is the greatest common factor of 1 and z?
1
Let m = 2472 - 2362. Let u be 33/2*(-8)/(-3). Calculate the highest common divisor of m and u.
22
Suppose -3*c + 1695 = 3*h, h + 11*c - 557 = 6*c. What is the highest common divisor of h and 252?
63
Suppose -3*x - 1 = 5*l, -5*x = -5*l - 12 - 13. Let u(k) = 2*k + 1. Let q be u(x). Let c be (-2)/3*6/(-4). Calculate the greatest common divisor of q and c.
1
Suppose 293 = -13*f + 7. Let z be f/(10/(-12) - (-7)/(-42)). Calculate the highest common factor of z and 44.
22
Suppose -3*u + 5 = 2*u, -5*u = j - 50. Suppose 0 = -4*i + 29 - 137. Let t = 42 + i. What is the highest common divisor of j and t?
15
Suppose -3*n + 6 = -6. Suppose n*g = -g + 85. Calculate the greatest common divisor of 17 and g.
17
Let n be (10/(-3))/(-2 + (-8)/(-6)). Suppose -n*s + 42 = 2*s. Calculate the greatest common factor of s and 6.
6
Let p(q) = 10*q**3 + q**2 - 3*q + 3. Let x be p(2). Let o(v) = 3*v + 39. Let y be o(-10). Calculate the highest common divisor of y and x.
9
Suppose 133 = 11*u - 18*u. Let k = u - -29. What is the greatest common divisor of 30 and k?
10
Let v(l) = 6*l + 11*l - 10 - 2*l. Let u be v(16). Calculate the highest common factor of u and 10.
10
Let j be (-1526)/(-18) + 14/63. Suppose -1060 = -5*l - j. Suppose b + l = 3*g + g, -3*g + 159 = -5*b. Calculate the greatest common factor of 6 and g.
6
Let v be (4 - -1) + 34 + -2. Calculate the highest common factor of v and 74.
37
Let v(l) = -l**2 - 13*l + 16. Let a be v(-14). Let u be 6/14 + (-126)/(-49). What is the highest common divisor of a and u?
1
Let t(p) = 51*p - 2. Let n(s) = s**3 - 5*s**2 + 5*s - 3. Let x be n(3). Let f be 9/x*4/(-3). Let u be t(f). What is the highest common factor of 20 and u?
20
Let p(m) = 4*m**3 - m**2 + 7*m + 50. Let d be p(5). Calculate the highest common factor of d and 700.
140
Suppose 4*u = -3*q + 540, 3*u + 134 + 33 = q. What is the highest common factor of q and 32?
16
Let u be (315/30 + -9)*2*1. Let c be (-4)/14 - 46/(-14). What is the greatest common divisor of u and c?
3
Let n(y) = -3 - y**3 - y + 0 - y + 2. Let g be n(-1). Suppose i = g*i - 2. What is the greatest common divisor of i and 4?
2
Suppose -231 + 211 = -a. Calculate the greatest common factor of a and 90.
10
Let q be 68/(0 + -2)*-1. Let l = 665 - 648. Calculate the highest common factor of l and q.
17
Suppose -m - 9 - 31 = 5*p, -4*m - 85 = -5*p. Let u be (m - (-2 - -3))/(3/(-6)). Calculate the highest common factor of u and 13.
13
Let w = 2511 + -2502. Let l be (11/1)/(1/9). Calculate the highest common factor of l and w.
9
Let k = -158 - -133. Let m = 6 + -35. Let y = k - m. What is the greatest common divisor of y and 4?
4
Suppose -4*t + 132 = -3*m, -m - 34 = -3*t + 65. Calculate the highest common divisor of 24 and t.
3
Let j(v) = -v**2 + 5*v + 8. Let w be j(6). Let z(k) = -k + 4. Let a be z(w). Let i = a - -40. Calculate the greatest common divisor of i and 14.
14
Suppose -10*f + 7*f + 177 = 0. Let v = -48 + f. What is the highest common divisor of 11 and v?
11
Suppose -i + 0*i - 13 = -2*z, 2*i = -z + 4. Suppose -3*s + z + 0 = 0. Suppose -n + 8 = -s. What is the highest common factor of n and 70?
10
Let c = -135 - -270. Let d be 2/20 - (-6 - (-1602)/(-180)). What is the highest common divisor of d and c?
15
Let t = 6484 + -6481. Let y(w) = -w - 6. Let n be y(-6). Suppose 27 = -n*s + s. What is the highest common factor of s and t?
3
Suppose 24 = 2*v - 8*d + 3*d, v - 10 = 2*d. Suppose -4*r = 2*x + 3*x - 46, 4 = 2*x - v*r. Calculate the highest common divisor of 54 and x.
6
Suppose 0 = 4*s + l + 75, 0*l = 2*s - 2*l + 40. Let q(n) = n**3 + 19*n**2 - 6*n - 19. Let x be q(s). Calculate the greatest common divisor of 38 and x.
19
Suppose -2*a + 19 + 30 = q, 104 = 4*a - 4*q. Let u = a - 13. Let c be u*10/(-16)*-2. Calculate the greatest common factor of 15 and c.
15
Let m = -34775 - -34847. Let d = 8 + 10. Calculate the highest common divisor of d and m.
18
Let s(z) = 2*z**2 + 6*z + 3. Let c be s(-4). Suppose 2*k - 5*t = 51, 21 + 57 = 2*k + 4*t. What is the greatest common divisor of k and c?
11
Let b(q) = -12*q - 11. Let u be b(3). Let z = -30 - u. What is the highest common factor of z and 68?
17
Suppose -3*x - 22 = 5*y, x + x + 8 = 0. Let v = -8 - y. Let f(g) = -g**2 - 9*g - 3. Let a be f(v). What is the highest common divisor of a and 15?
15
Suppose 962*o = 951*o + 506. What is the greatest common factor of o and 2?
2
Suppose m + 62 = -0*k + k, 0 = -k - 3*m + 66. Let r(o) = -3*o**2 + 28*o - 23. Let j be r(8). What is the highest common divisor of k and j?
9
Let r be (0 + 3)/(-15 + 16) + 1051. Calculate the greatest common divisor of r and 34.
34
Let w be (-477)/(-6) - 1/(-2). Let n be 80*((-16)/12)/((-40)/12). Calculate the greatest common divisor of n and w.
16
Let t = 1037 + -752. Calculate the highest common factor of t and 38.
19
Let f = 839 + -587. Calculate the highest common divisor of 54 and f.
18
Suppose 280 = -87*h + 89*h. What is the greatest common divisor of 112 and h?
28
Suppose 0 = -l + 4*o + 50, 2*l - 5*o - 88 = -3*o. Let y be (-1314)/(-21) - 18